{"id":1589,"date":"2025-09-04T09:53:05","date_gmt":"2025-09-04T08:53:05","guid":{"rendered":"https:\/\/nwbc.nl\/reunions-a-venir\/"},"modified":"2025-12-02T09:35:29","modified_gmt":"2025-12-02T08:35:29","slug":"visites-a-venir","status":"publish","type":"page","link":"https:\/\/nwbc.nl\/fr\/visites-a-venir\/","title":{"rendered":"Visites \u00e0 venir"},"content":{"rendered":"\n<p><\/p>\n\n\n<div id=\"pl-gb1589-69f47ae34908f\"  class=\"panel-layout\" ><div id=\"pg-gb1589-69f47ae34908f-0\"  class=\"panel-grid panel-no-style\" ><div id=\"pgc-gb1589-69f47ae34908f-0-0\"  class=\"panel-grid-cell\" ><div id=\"panel-gb1589-69f47ae34908f-0-0-0\" class=\"so-panel widget widget_sow-layout-slider panel-first-child panel-last-child\" data-index=\"0\" ><div\n\t\t\t\n\t\t\tclass=\"so-widget-sow-layout-slider so-widget-sow-layout-slider-default-0736ac43ae6e-1589\"\n\t\t\t\n\t\t>\t\t\t\t<div class=\"sow-slider-base\" style=\"display: none\" tabindex=\"0\">\n\t\t\t\t\t<ul\n\t\t\t\t\tclass=\"sow-slider-images\"\n\t\t\t\t\tdata-settings=\"{&quot;pagination&quot;:true,&quot;speed&quot;:400,&quot;timeout&quot;:8000,&quot;paused&quot;:true,&quot;pause_on_hover&quot;:false,&quot;swipe&quot;:&quot;&quot;,&quot;nav_always_show_desktop&quot;:&quot;&quot;,&quot;nav_always_show_mobile&quot;:true,&quot;breakpoint&quot;:&quot;780px&quot;,&quot;unmute&quot;:false,&quot;anchor&quot;:null}\"\n\t\t\t\t\tstyle=\"min-height: 50vh\"\t\t\t\t\tdata-anchor-id=\"\"\n\t\t\t\t>\t\t<li class=\"sow-slider-image  sow-slider-image-parallax\" style=\"\" >\n\t\t\t<img fetchpriority=\"high\" decoding=\"async\" width=\"2550\" height=\"805\" src=\"https:\/\/nwbc.nl\/wp-content\/uploads\/2025\/01\/events-header2.jpg\" class=\"attachment-full size-full\" alt=\"\" data-siteorigin-parallax=\"true\" loading=\"eager\" style=\"opacity: 1\" srcset=\"https:\/\/nwbc.nl\/wp-content\/uploads\/2025\/01\/events-header2.jpg 2550w, https:\/\/nwbc.nl\/wp-content\/uploads\/2025\/01\/events-header2-300x95.jpg 300w, https:\/\/nwbc.nl\/wp-content\/uploads\/2025\/01\/events-header2-1024x323.jpg 1024w, https:\/\/nwbc.nl\/wp-content\/uploads\/2025\/01\/events-header2-768x242.jpg 768w, https:\/\/nwbc.nl\/wp-content\/uploads\/2025\/01\/events-header2-1536x485.jpg 1536w, https:\/\/nwbc.nl\/wp-content\/uploads\/2025\/01\/events-header2-2048x647.jpg 2048w\" sizes=\"(max-width: 2550px) 100vw, 2550px\" \/>\t\t<div class=\"sow-slider-image-container\">\n\t\t\t<div class=\"sow-slider-image-wrapper\">\n\t\t\t\t\t\t\t<\/div>\n\t\t<\/div>\n\t\t\t\t<\/li>\n\t\t<\/ul>\t\t\t\t<ol class=\"sow-slider-pagination\">\n\t\t\t\t\t\t\t\t\t\t\t<li><a href=\"#\" data-goto=\"0\" aria-label=\"Display slide 1\"><\/a><\/li>\n\t\t\t\t\t\t\t\t\t<\/ol>\n\n\t\t\t\t<div class=\"sow-slide-nav sow-slide-nav-next\">\n\t\t\t\t\t<a href=\"#\" data-goto=\"next\" aria-label=\"Next slide\" data-action=\"next\">\n\t\t\t\t\t\t<em class=\"sow-sld-icon-thin-right\"><\/em>\n\t\t\t\t\t<\/a>\n\t\t\t\t<\/div>\n\n\t\t\t\t<div class=\"sow-slide-nav sow-slide-nav-prev\">\n\t\t\t\t\t<a href=\"#\" data-goto=\"previous\" aria-label=\"Previous slide\" data-action=\"prev\">\n\t\t\t\t\t\t<em class=\"sow-sld-icon-thin-left\"><\/em>\n\t\t\t\t\t<\/a>\n\t\t\t\t<\/div>\n\t\t\t\t<\/div><\/div><\/div><\/div><\/div><div id=\"pg-gb1589-69f47ae34908f-1\"  class=\"panel-grid panel-has-style\" ><div class=\"container panel-row-style panel-row-style-for-gb1589-69f47ae34908f-1\" ><div id=\"pgc-gb1589-69f47ae34908f-1-0\"  class=\"panel-grid-cell\" ><div id=\"panel-gb1589-69f47ae34908f-1-0-0\" class=\"so-panel widget widget_sow-editor panel-first-child\" data-index=\"1\" ><div\n\t\t\t\n\t\t\tclass=\"so-widget-sow-editor so-widget-sow-editor-base\"\n\t\t\t\n\t\t><h3 class=\"widget-title\">Visites \u00e0 venir<\/h3>\n<div class=\"siteorigin-widget-tinymce textwidget\">\n\t<\/div>\n<\/div><\/div><div id=\"panel-gb1589-69f47ae34908f-1-0-1\" class=\"widget_text so-panel widget widget_custom_html panel-last-child\" data-index=\"2\" ><div class=\"widget_text eventlist panel-widget-style panel-widget-style-for-gb1589-69f47ae34908f-1-0-1\" ><div class=\"textwidget custom-html-widget\"><ul class=\"display-posts-listing\"><li class=\"listing-item\"><a class=\"image\" href=\"https:\/\/nwbc.nl\/fr\/visite-dentreprise-centre-spatial-de-liege-7-amos-6-mai-2026\/\"><img loading=\"lazy\" decoding=\"async\" width=\"225\" height=\"225\" src=\"https:\/\/nwbc.nl\/wp-content\/uploads\/2026\/01\/CSL.png\" class=\"attachment-full size-full wp-post-image\" alt=\"\" srcset=\"https:\/\/nwbc.nl\/wp-content\/uploads\/2026\/01\/CSL.png 225w, https:\/\/nwbc.nl\/wp-content\/uploads\/2026\/01\/CSL-150x150.png 150w\" sizes=\"auto, (max-width: 225px) 100vw, 225px\" \/><\/a> <a class=\"title\" href=\"https:\/\/nwbc.nl\/fr\/visite-dentreprise-centre-spatial-de-liege-7-amos-6-mai-2026\/\">Visite d&rsquo;entreprise Centre Spatial de Li\u00e8ge &#038; AMOS et R\u00e9ception de la F\u00eate du Roi, le 6 mai 2026<\/a> <span class=\"excerpt-dash\">-<\/span> <span class=\"excerpt\">Le NWBC a le plaisir de vous inviter \u00e0 une visite d'entreprise au Centre Spatial de Li\u00e8ge (CSL) et AMOS, le 6 mai, suivie d'une r\u00e9ception \u00e0 l'occasion de la F\u00eate du Roi 2026. &nbsp; Le Centre Spatial de Li\u00e8ge (CSL), rattach\u00e9 \u00e0 l'Universit\u00e9 de Li\u00e8ge, est sp\u00e9cialis\u00e9 dans la conception et la qualification d'instruments [...]<p><a class=\"btn btn-secondary understrap-read-more-link\" href=\"https:\/\/nwbc.nl\/fr\/visite-dentreprise-centre-spatial-de-liege-7-amos-6-mai-2026\/\">Lire la suite\u2026<span class=\"screen-reader-text\"> from Visite d&rsquo;entreprise Centre Spatial de Li\u00e8ge &#038; AMOS et R\u00e9ception de la F\u00eate du Roi, le 6 mai 2026<\/span><\/a><\/p><\/span><\/li><li class=\"listing-item\"><a class=\"image\" href=\"https:\/\/nwbc.nl\/fr\/visite-dentreprise-porsche-bentley-17-septembre-2026\/\"><img loading=\"lazy\" decoding=\"async\" width=\"259\" height=\"194\" src=\"https:\/\/nwbc.nl\/wp-content\/uploads\/2025\/11\/Porsche-Bentley.jpeg\" class=\"attachment-full size-full wp-post-image\" alt=\"\" \/><\/a> <a class=\"title\" href=\"https:\/\/nwbc.nl\/fr\/visite-dentreprise-porsche-bentley-17-septembre-2026\/\">Visite d&rsquo;entreprise Porsche-Bentley, 17 septembre 2026<\/a> <span class=\"excerpt-dash\">-<\/span> <span class=\"excerpt\">De plus amples informations sur cette visite vous seront communiqu\u00e9es prochainement. [...]<p><a class=\"btn btn-secondary understrap-read-more-link\" href=\"https:\/\/nwbc.nl\/fr\/visite-dentreprise-porsche-bentley-17-septembre-2026\/\">Lire la suite\u2026<span class=\"screen-reader-text\"> from Visite d&rsquo;entreprise Porsche-Bentley, 17 septembre 2026<\/span><\/a><\/p><\/span><\/li><li class=\"listing-item\"><a class=\"image\" href=\"https:\/\/nwbc.nl\/fr\/visite-dentreprise-otan-le-26-novembre-2025\/\"><img loading=\"lazy\" decoding=\"async\" width=\"298\" height=\"169\" src=\"https:\/\/nwbc.nl\/wp-content\/uploads\/2025\/06\/Foto-NATO-Brussel.jpeg\" class=\"attachment-full size-full wp-post-image\" alt=\"\" \/><\/a> <a class=\"title\" href=\"https:\/\/nwbc.nl\/fr\/visite-dentreprise-otan-le-26-novembre-2025\/\">Visite d&rsquo;entreprise aux Headquarters de l&rsquo;OTAN, Bruxelles, 2026<\/a> <span class=\"excerpt-dash\">-<\/span> <span class=\"excerpt\">La visite \u00e0 l'OTAN, initialement pr\u00e9vue le 26 novembre 2025, a malheureusement d\u00fb \u00eatre report\u00e9e pour des raisons propres \u00e0 l'OTAN. &nbsp; La situation en Europe implique que les alli\u00e9s de l'OTAN renforcent leurs liens politiques et m\u00e8nent des missions conjointes (notamment aux fronti\u00e8res), tout en tenant des r\u00e9unions op\u00e9rationnelles au plus haut niveau des [...]<p><a class=\"btn btn-secondary understrap-read-more-link\" href=\"https:\/\/nwbc.nl\/fr\/visite-dentreprise-otan-le-26-novembre-2025\/\">Lire la suite\u2026<span class=\"screen-reader-text\"> from Visite d&rsquo;entreprise aux Headquarters de l&rsquo;OTAN, Bruxelles, 2026<\/span><\/a><\/p><\/span><\/li><\/ul><\/div><\/div><\/div><\/div><\/div><\/div><\/div>","protected":false},"excerpt":{"rendered":"<p>La visite \u00e0 l&rsquo;OTAN, initialement pr\u00e9vue le 26 novembre 2025, a malheureusement d\u00fb \u00eatre report\u00e9e pour des raisons propres \u00e0 l&rsquo;OTAN. &nbsp; La situation en Europe implique que les alli\u00e9s de l&rsquo;OTAN renforcent leurs liens politiques et m\u00e8nent des missions conjointes (notamment aux fronti\u00e8res), tout en tenant des r\u00e9unions op\u00e9rationnelles au plus haut niveau des [&#8230;]<\/p>\n<p><a class=\"btn btn-secondary understrap-read-more-link\" href=\"https:\/\/nwbc.nl\/fr\/visite-dentreprise-otan-le-26-novembre-2025\/\">Lire la suite\u2026<span class=\"screen-reader-text\"> from Visite d&rsquo;entreprise aux Headquarters de l&rsquo;OTAN, Bruxelles, 2026<\/span><\/a><\/p>\n","protected":false},"author":5,"featured_media":0,"parent":0,"menu_order":1,"comment_status":"closed","ping_status":"closed","template":"","meta":{"footnotes":""},"class_list":["post-1589","page","type-page","status-publish","hentry"],"publishpress_future_action":{"enabled":false,"date":"2026-05-08 11:05:23","action":"change-status","newStatus":"draft","terms":[],"taxonomy":"translation_priority","extraData":[]},"publishpress_future_workflow_manual_trigger":{"enabledWorkflows":[]},"_links":{"self":[{"href":"https:\/\/nwbc.nl\/fr\/wp-json\/wp\/v2\/pages\/1589","targetHints":{"allow":["GET"]}}],"collection":[{"href":"https:\/\/nwbc.nl\/fr\/wp-json\/wp\/v2\/pages"}],"about":[{"href":"https:\/\/nwbc.nl\/fr\/wp-json\/wp\/v2\/types\/page"}],"author":[{"embeddable":true,"href":"https:\/\/nwbc.nl\/fr\/wp-json\/wp\/v2\/users\/5"}],"replies":[{"embeddable":true,"href":"https:\/\/nwbc.nl\/fr\/wp-json\/wp\/v2\/comments?post=1589"}],"version-history":[{"count":4,"href":"https:\/\/nwbc.nl\/fr\/wp-json\/wp\/v2\/pages\/1589\/revisions"}],"predecessor-version":[{"id":1599,"href":"https:\/\/nwbc.nl\/fr\/wp-json\/wp\/v2\/pages\/1589\/revisions\/1599"}],"wp:attachment":[{"href":"https:\/\/nwbc.nl\/fr\/wp-json\/wp\/v2\/media?parent=1589"}],"curies":[{"name":"wp","href":"https:\/\/api.w.org\/{rel}","templated":true}]}}

Visites à venir

<p></p>


<div id="pl-gb1589-69f47ae34908f"  class="panel-layout" ><div id="pg-gb1589-69f47ae34908f-0"  class="panel-grid panel-no-style" ><div id="pgc-gb1589-69f47ae34908f-0-0"  class="panel-grid-cell" ><div id="panel-gb1589-69f47ae34908f-0-0-0" class="so-panel widget widget_sow-layout-slider panel-first-child panel-last-child" data-index="0" ><div
			
			class="so-widget-sow-layout-slider so-widget-sow-layout-slider-default-0736ac43ae6e-1589"
			
		>				<div class="sow-slider-base" style="display: none" tabindex="0">
					<ul
					class="sow-slider-images"
					data-settings="{&quot;pagination&quot;:true,&quot;speed&quot;:400,&quot;timeout&quot;:8000,&quot;paused&quot;:true,&quot;pause_on_hover&quot;:false,&quot;swipe&quot;:&quot;&quot;,&quot;nav_always_show_desktop&quot;:&quot;&quot;,&quot;nav_always_show_mobile&quot;:true,&quot;breakpoint&quot;:&quot;780px&quot;,&quot;unmute&quot;:false,&quot;anchor&quot;:null}"
					style="min-height: 50vh"					data-anchor-id=""
				>		<li class="sow-slider-image  sow-slider-image-parallax" style="" >
			<img fetchpriority="high" decoding="async" width="2550" height="805" src="https://nwbc.nl/wp-content/uploads/2025/01/events-header2.jpg" class="attachment-full size-full" alt="" data-siteorigin-parallax="true" loading="eager" style="opacity: 1" srcset="https://nwbc.nl/wp-content/uploads/2025/01/events-header2.jpg 2550w, https://nwbc.nl/wp-content/uploads/2025/01/events-header2-300x95.jpg 300w, https://nwbc.nl/wp-content/uploads/2025/01/events-header2-1024x323.jpg 1024w, https://nwbc.nl/wp-content/uploads/2025/01/events-header2-768x242.jpg 768w, https://nwbc.nl/wp-content/uploads/2025/01/events-header2-1536x485.jpg 1536w, https://nwbc.nl/wp-content/uploads/2025/01/events-header2-2048x647.jpg 2048w" sizes="(max-width: 2550px) 100vw, 2550px" />		<div class="sow-slider-image-container">
			<div class="sow-slider-image-wrapper">
							</div>
		</div>
				</li>
		</ul>				<ol class="sow-slider-pagination">
											<li><a href="#" data-goto="0" aria-label="Display slide 1"></a></li>
									</ol>

				<div class="sow-slide-nav sow-slide-nav-next">
					<a href="#" data-goto="next" aria-label="Next slide" data-action="next">
						<em class="sow-sld-icon-thin-right"></em>
					</a>
				</div>

				<div class="sow-slide-nav sow-slide-nav-prev">
					<a href="#" data-goto="previous" aria-label="Previous slide" data-action="prev">
						<em class="sow-sld-icon-thin-left"></em>
					</a>
				</div>
				</div></div></div></div></div><div id="pg-gb1589-69f47ae34908f-1"  class="panel-grid panel-has-style" ><div class="container panel-row-style panel-row-style-for-gb1589-69f47ae34908f-1" ><div id="pgc-gb1589-69f47ae34908f-1-0"  class="panel-grid-cell" ><div id="panel-gb1589-69f47ae34908f-1-0-0" class="so-panel widget widget_sow-editor panel-first-child" data-index="1" ><div
			
			class="so-widget-sow-editor so-widget-sow-editor-base"
			
		><h3 class="widget-title">Visites à venir</h3>
<div class="siteorigin-widget-tinymce textwidget">
	</div>
</div></div><div id="panel-gb1589-69f47ae34908f-1-0-1" class="widget_text so-panel widget widget_custom_html panel-last-child" data-index="2" ><div class="widget_text eventlist panel-widget-style panel-widget-style-for-gb1589-69f47ae34908f-1-0-1" ><div class="textwidget custom-html-widget"><ul class="display-posts-listing"><li class="listing-item"><a class="image" href="https://nwbc.nl/fr/visite-dentreprise-centre-spatial-de-liege-7-amos-6-mai-2026/"><img loading="lazy" decoding="async" width="225" height="225" src="https://nwbc.nl/wp-content/uploads/2026/01/CSL.png" class="attachment-full size-full wp-post-image" alt="" srcset="https://nwbc.nl/wp-content/uploads/2026/01/CSL.png 225w, https://nwbc.nl/wp-content/uploads/2026/01/CSL-150x150.png 150w" sizes="auto, (max-width: 225px) 100vw, 225px" /></a> <a class="title" href="https://nwbc.nl/fr/visite-dentreprise-centre-spatial-de-liege-7-amos-6-mai-2026/">Visite d&rsquo;entreprise Centre Spatial de Liège &#038; AMOS et Réception de la Fête du Roi, le 6 mai 2026</a> <span class="excerpt-dash">-</span> <span class="excerpt">Le NWBC a le plaisir de vous inviter à une visite d'entreprise au Centre Spatial de Liège (CSL) et AMOS, le 6 mai, suivie d'une réception à l'occasion de la Fête du Roi 2026. &nbsp; Le Centre Spatial de Liège (CSL), rattaché à l'Université de Liège, est spécialisé dans la conception et la qualification d'instruments [...]<p><a class="btn btn-secondary understrap-read-more-link" href="https://nwbc.nl/fr/visite-dentreprise-centre-spatial-de-liege-7-amos-6-mai-2026/">Lire la suite…<span class="screen-reader-text"> from Visite d&rsquo;entreprise Centre Spatial de Liège &#038; AMOS et Réception de la Fête du Roi, le 6 mai 2026</span></a></p></span></li><li class="listing-item"><a class="image" href="https://nwbc.nl/fr/visite-dentreprise-porsche-bentley-17-septembre-2026/"><img loading="lazy" decoding="async" width="259" height="194" src="https://nwbc.nl/wp-content/uploads/2025/11/Porsche-Bentley.jpeg" class="attachment-full size-full wp-post-image" alt="" /></a> <a class="title" href="https://nwbc.nl/fr/visite-dentreprise-porsche-bentley-17-septembre-2026/">Visite d&rsquo;entreprise Porsche-Bentley, 17 septembre 2026</a> <span class="excerpt-dash">-</span> <span class="excerpt">De plus amples informations sur cette visite vous seront communiquées prochainement. [...]<p><a class="btn btn-secondary understrap-read-more-link" href="https://nwbc.nl/fr/visite-dentreprise-porsche-bentley-17-septembre-2026/">Lire la suite…<span class="screen-reader-text"> from Visite d&rsquo;entreprise Porsche-Bentley, 17 septembre 2026</span></a></p></span></li><li class="listing-item"><a class="image" href="https://nwbc.nl/fr/visite-dentreprise-otan-le-26-novembre-2025/"><img loading="lazy" decoding="async" width="298" height="169" src="https://nwbc.nl/wp-content/uploads/2025/06/Foto-NATO-Brussel.jpeg" class="attachment-full size-full wp-post-image" alt="" /></a> <a class="title" href="https://nwbc.nl/fr/visite-dentreprise-otan-le-26-novembre-2025/">Visite d&rsquo;entreprise aux Headquarters de l&rsquo;OTAN, Bruxelles, 2026</a> <span class="excerpt-dash">-</span> <span class="excerpt">La visite à l'OTAN, initialement prévue le 26 novembre 2025, a malheureusement dû être reportée pour des raisons propres à l'OTAN. &nbsp; La situation en Europe implique que les alliés de l'OTAN renforcent leurs liens politiques et mènent des missions conjointes (notamment aux frontières), tout en tenant des réunions opérationnelles au plus haut niveau des [...]<p><a class="btn btn-secondary understrap-read-more-link" href="https://nwbc.nl/fr/visite-dentreprise-otan-le-26-novembre-2025/">Lire la suite…<span class="screen-reader-text"> from Visite d&rsquo;entreprise aux Headquarters de l&rsquo;OTAN, Bruxelles, 2026</span></a></p></span></li></ul></div></div></div></div></div></div></div>

<p>La visite à l&rsquo;OTAN, initialement prévue le 26 novembre 2025, a malheureusement dû être reportée pour des raisons propres à l&rsquo;OTAN. &nbsp; La situation en Europe implique que les alliés de l&rsquo;OTAN renforcent leurs liens politiques et mènent des missions conjointes (notamment aux frontières), tout en tenant des réunions opérationnelles au plus haut niveau des [&#8230;]</p>
<p><a class="btn btn-secondary understrap-read-more-link" href="https://nwbc.nl/fr/visite-dentreprise-otan-le-26-novembre-2025/">Lire la suite…<span class="screen-reader-text"> from Visite d&rsquo;entreprise aux Headquarters de l&rsquo;OTAN, Bruxelles, 2026</span></a></p>
